14 + 32 + (-10 - 9)?
-1
What is 13 - ((-5 - -3) + (106 - 56))?
-35
What is 16 - 1 - (2 + 21 - (-67 - -82))?
7
-5 - (8 - -11 - 17)
-7
(2 - -13) + -10 - (17 + -2 + 0)
-10
What is -2 + 29 - (-21 - -13 - -19)?
16
Evaluate 1 + -8 + 3 - -2 - (4 - -2).
-8
-36 + 44 - (5 - 4 - 0)
7
Calculate -27 - -9 - -40 - -7.
29
Evaluate (-16 - 5) + (4 - (-5 - -2)) + 1.
-13
What is -4 + -2 - (-21 + 21)?
-6
What is (-11 - -4 - -12 - 10 - -7) + -10?
-8
3 - (7 - (0 + 0 + 7))
3
Evaluate ((-7 - -32) + 8 - 9) + 11 + -2.
33
Evaluate 33 + (53 - 93) + (-2 - 1) + -2.
-12
What is (-6 + 3 - -5) + (14 + -16 - 7)?
-7
Evaluate -9 - -7 - (-6 + 1) - (-10 + 17).
-4
What is -27 + 15 - (-21 + 9)?
0
Evaluate -5 + 0 + 15 + (8 - 14) + -18.
-14
What is the value of 1 + -9 + (-36 - 5) + 43?
-6
-1 - (1 + -3) - (236 + -224)
-11
Evaluate 9 + 3 + (-2 - -4).
14
What is (35 - (6 + -3)) + 176 + -180?
28
53 - (42 + -19 - -6)
24
What is the value of (-1 - -10) + -15 + 25 + -24?
-5
Evaluate -1 + -26 + 1026 + -1035.
-36
What is the value of 8 - (1 - 38 - -57)?
-12
Calculate -57 + 53 - ((-4 - -4) + 7).
-11
Evaluate 133 + -175 + 3 + 21.
-18
40 - (-35 - -10 - -99)
-34
What is 3 + -19 + 11 + 15?
10
What is the value of 3 + -2 + 4 + -1 + 4 + 5?
13
What is (-39 - -34) + 27 - (1 + -4 + 2)?
23
Calculate -41 + -36 + 49 + 65.
37
0 + (1 - (-1 - 5)) - -8
15
-2 + 2 + -26 - (230 - 238)
-18
Calculate -127 + 104 + -5 + 31.
3
Evaluate (-58 - -74) + -8 + -5 + 38.
41
Calculate -15 - (8 - 0 - (34 + (-44 - -17))).
-16
(-5 - (-26 - -6)) + (0 - 4)
11
What is (6 - -22) + 12 + -11?
29
What is 4 - (-5 + 15 + -17)?
11
Calculate 5 + 5 + (-16 - -5) + (44 - 32).
11
Calculate 32 + (9 - (-12 + 23)) - 2.
28
What is 6 + 2 + -36 + -4 + 8?
-24
What is the value of 2 + (1 - -1) + (-98 - -85)?
-9
What is the value of -4 - (9 + (-7 - (-2 + 5)) + 6)?
-9
What is the value of (2 - 13 - (-11 - (-2 - 2))) + -10?
-14
Evaluate 1 + -2 - (5 + -3 + -3) - 4.
-4
Calculate 18 + 24 + -33 + -19 + 1.
-9
-12 - (1 - (13 + -3 - 9))
-12
What is the value of 2 + (3 - ((6 - 5) + -4))?
8
Calculate -21 - (-2 - (-10 - 1) - 16).
-14
What is the value of 1 + (-12 - (0 + -1))?
-10
39 + -34 - (0 + 37 - 1 - 4)
-27
What is the value of -7 + (-4 - -5) + 2 + -20 - 11?
-35
-37 + 48 - (2 + 1 - -7)
1
4 + 1 + -5 + (3 - (7 - 1))
-3
What is the value of -31 + 56 - 37 - -7?
-5
Evaluate -78 - -83 - (2 - 0).
3
What is the value of -3 - ((1 - 5) + -30 + 29 + -11)?
13
Evaluate 3 - (14 - -10) - (-7 - 1).
-13
7 + (-3 - 8 - 7) + 7
-4
What is the value of -18 + (23 - (3 - -14))?
-12
Evaluate -7 + (3 - (-7 - (-5 - 3))) + -5.
-10
What is the value of 1 + -10 + (-7 - (-34 - -19)) + 19?
18
What is (-31 - (22 + -54)) + -7 + -1?
-7
-2 + 16 + (10 - 27)
-3
What is the value of 2 + (5 - (1 - -7 - 8))?
7
Calculate (-15 - (29 + -39)) + -7.
-12
Evaluate 40 + 36 + -8 + -88.
-20
What is 4 - 8 - (-32 - -48 - (0 - -6))?
-14
What is (-17 - -22) + -7 + (-3 - -4)?
-1
What is 17 - (4 - 2) - (13 - (15 + -9))?
8
1 + -1 - (-13 + -1 + -27 + 28)
13
Evaluate 17 - (-6 + -11 + 0 - -32).
2
What is the value of -3 + (3 - 7 - -2 - 4 - -6)?
-3
Evaluate 4 - (-7 + -20) - 7.
24
What is (10 - 43) + -8 + 56?
15
-5 - -16 - (12 + -21) - (6 + 0)
14
What is 198 + -215 - (1 + 2 - 8)?
-12
Evaluate 1 + -4 + -2 + (10 + -8 - -8).
5
Evaluate (9 + 18 - 54) + 28.
1
(6 - (6 + -1)) + (1 + -5 - 2)
-5
What is the value of 12 - (14 - (7 - -7))?
12
Calculate -30 - (-16 + -2) - -17.
5
Evaluate 14 - (9 - (13 + -7)).
11
Evaluate -3 + -1 + 1 + -6 + -2.
-11
(-197 - -196) + (0 - -2 - -7) - -4
12
Evaluate 11 + (5 + -16 - -2) - 4.
-2
Evaluate 7 + (-7 - -18) + -17 + 8.
9
10 + -7 - ((-7 - (1 - -1)) + 1)
11
What is 9 - (34 - (11 - -17 - 16))?
-13
Evaluate -10 + (7 - -10) - 1 - -4.
10
What is 0 + (-7 - (-3 - 2)) + (2 - 0)?
0
Calculate -10 + (3 - 2 - -6) + -1.
-4
What is the value of 7 + -1 - (165 - 165)?
6
Calculate 15 - (5 - (-30 + 36)).
16
Evaluate 8 - (5 + (-1 - (23 + -4 + 5))).
28
Calculate -6 + 1 + 6 + 17 + -25.
-7
Evaluate (32 - (4 - -10)) + -5.
13
Evaluate -11 + (-3 - 1) + -2 + -4 + 14.
-7
What is 4 + 7 + (2 - (-3 + 12))?
4
What is 20 - 19 - (2 - 2)?
1
Calculate (-4 - 0) + (-1 - (-5 - 7) - 3).
4
What is 4 + 12 + 7 + -43?
-20
Calculate 236 + -232 - (-22 - 0).
26
-5 - (11 + (11 - 16) + 3)
-14
Calculate (17 - (-14 - -32 - -3)) + 12.
8
Calculate 3 - (11 + -10) - 21.
-19
0 - 2 - ((0 - -13 - 27) + 9)
3
What is -13 - (14 + (-27 - -1))?
-1
What is the value of -28 - (-57 - (-39 - -30))?
20
-6 + (-1 - (1 + 1) - (15 + -20))
-4
What is the value of 24 + (29 - (-7 - -23))?
37
What is 14 + 1 + -884 + 843?
-26
-12 - (14 - 12) - (-3 + 1 + 0)
-12
Evaluate -28 - (1 + -22 + -33).
26
What is the value of 6 + -23 + (-19 - -29)?
-7
Calculate (16 - 0) + (-14 - -6) + -11.
-3
What is (17 - 1) + 54 + -28 + -39?
3
17 + (-6 - 19) + 9
1
What is 2 + (-194 + 180 - (1 + 1))?
-14
Calculate 6 - ((4 - 8) + 5 + -4).
9
What is the value of 17 - ((55 - 46) + (-1 + 1 - 4))?
12
What is the value of 25 + -18 + 2 + 9?
18
Evaluate 45 + -36 + -21 - 23.
-35
Evaluate -15 - (4 + 7 + -19 - (-2 - 1)).
-10
-5 + (12 - 8 - (8 + -5 + 7))
-11
What is 5 + -3 + 1 + 1 - (9 - -17)?
-22
Evaluate -9 + (-28 - -19) + 18 + (-28 - 1).
-29
What is (4 - 9) + 1 - (9 + -6 - 8)?
1
Calculate 17 - -2 - ((-1 - -10) + -11).
21
Evaluate -3 - (8 + -17 + 8 + 10).
-12
Evaluate 97 + -85 + -14 + 2.
0
Evaluate (0 - 4) + (-64 - -43).
-25
What is 38 + -18 + -11 - 4?
5
Evaluate (-83 + 43 - 5) + 52.
7
2 - (-19 + (8 - 1 - (-18 - -16)))
12
Evaluate 19 - (-4 + (7 + -4 - -4 - 1)).
17
What is the value of -14 + -3 + (14 - (12 + -12))?
-3
What is (14 - (-2 - (16 + -30))) + 29?
31
Calculate 3 + 8 + -14 + (2 - -4) + 2.
5
What is the value of (-3 - (1 + -20)) + (5 - (-2 + 9))?
14
What is the value of -1 + 17 + (-10 + 3 - -7) + -2?
14
Evaluate -37 + 2 + 176 + -141.
0
What is (1 + -5 - -5) + 0 + -13?
-12
What is the value of (-6 - 1) + 0 - (8 + (-5 - 10))?
0
What is the value of -1 + 28 + -5 + 24 + -27?
19
Calculate 0 + (-5 + (8 - 9) - 0) + -5.
-11
What is the value of (-11 + 14 + 6 - 8) + 6?
7
What is the value of (8 - 6) + (-4 - (-3 - -3)) + -10?
-12
Evaluate -154 + 160 - (-1 - (-18 + 3)).
-8
What is the value of 3 - (13 + (-7 + 1 - (87 - 90)))?
-7
Evaluate 3 - (-1 + -1 - (-117 - -102)).
-10
Evaluate 16 + -11 + (-32 + 24 - -7).
4
What is the value of 5 + (-10 - (15 - 24))?
4
Evaluate -10 + -2 - (17 + (7 - 17)).
-19
Evaluate -1 + -5 - (39 + -35).
-10
Calculate (-20 - -29) + (2 - (0 + 3)).
8
Calculate 0 + -5 - (-13 - ((-7 - 4) + -5)).
-8
What is the value of 40 + 0 + (28 - 4) + 93 + -119?
38
Evaluate 18 + (-4 + -5 - 14) - (-2 - 3).
0
What is (2 - (-23 + 5 - -13)) + -15?
-8
What is the value of 15 - (-10 - -23 - 7)?
9
Evaluate -26 - (-12 - (2 + -4 - 4)).
-20
Calculate (-17 - -39) + -13 + 10.
19
24 - (5 + -30 + (17 - 7))
39
What is the value of 3058 + -3036 + -12 + -1?
9
-1 - 3 - (3 - 0) - (-47 - -46)
-6
2 - 3 - (14 - 14) - -4
3
What is -2 + 7 + 99 + -102?
2
Evaluate -13 - -30 - 9 - -1.
9
Calculate -16 - (-47 - (3 - 31)).
3
(-9 - -17 - 39) + 25
-6
What is 15 + -2 + (15 - 17) - 27?
-16
What is the value of -13 + 20 - (2 + 9)?
-4
-71 + 68 - (6 + 1)
-10
What is 1017 + -1015 + (-1 - (14 - (0 - 0)))?
-13
What is 1 + 10 - (-18 - (-9 + -5) - -9)?
6
Evaluate 50 - (-21 - -48) - (-10 - 0).
33
Calculate -10 + (25 + -26 - 1).
-12
Evaluate 7 + 2 - (44 - 32).
-3
What is (-17 - (-31 - -21)) + (3 - 6)?
-10
What is the value of (1 - 2) + 4 - (15 - 16 - -17)?
-13
What is the value of -4 - 5 - -10 - (-1 + -7)?
9
What is 0 + -5 - (-18 + 44 + -43)?
12
What is 8 + (-26 - -4) + 4?
-10
Evaluate 12 + 15 + (-41 - -15).
1
(53 - 29 - 41) + 22
5
What is the value of -36 - (-4 + (5 - (8 + (9 - 8))))?
-28
Calculate (-7 - -8) + (10 - (9 - 5)).
7
What is 9 - -3 - (-17 + 14 + -9)?
24
Calculate (-20 - -15) + -5 - (-1 + -3) - -16.
10
Calculate 6 - 2 - (-8 + 37 + -31).
6
Calculate 27 + 1 + (-116 - -99).
11
Calculate 1 - (-6 + 6 - (5 + -6)).
0
What is 6 + (2 - 2) + -8 + -5?
-7
What is the value of -8 + -5 + 14 + -8 + 1?
-6
What is (-12 - -24 - 22) + 26 - 34?
-18
What is -11 + (-7 + 12 - -14) - (1 + 9)?
-2
Calculate 0 + (-3 - -8) - (3 - 12 - -23).
-9
Calculate -6 + (25 - (10 - -26)).
-17
Calculate 18 + 19 + -13 + -4.
20
Calculate (-3 - -10) + (5 - (35 - 16 - -11)).
-18
Evaluate -25 + 8 - -32 - (-4 - 1).
20
What is the value of -14 - (-19 - 0 - -6)?
-1
Calculate -3 - (5 - (